1)?
130
Let i(w) be the third derivative of w**5/60 - w**4/2 + 5*w**3/6 - 2*w**2 + 2773. Give i(8).
-27
Suppose 2857 = -11*i + 7147. Let c = i + -383. Let l(y) = y**3 - 8*y**2 + 10*y + 2. Give l(c).
23
Suppose -39 = 33*s - 105. Let b(d) = 2*d**3 + 7*d - 5. Calculate b(s).
25
Suppose -4*f = 5*a - 30, -5*a + 7*f - 3*f - 10 = 0. Let x = 148 + -145. Let r(k) = -a - 3*k + x*k + 4 - k. Give r(3).
-1
Let x be (-4 + 3)/(2 - 45/22). Suppose 5*b = -3*h + 7*h - 25, 5*h + 3*b - x = 0. Let n(i) = i - 5. Determine n(h).
0
Let p(x) = 97*x**2 - 33*x + 28. Let z(c) = -43*c**2 + 16*c - 10. Let u(q) = 4*p(q) + 9*z(q). Calculate u(-10).
2
Let t = 50118 + -50119. Let n(b) = 11*b**3 + 2*b**2 - 2*b - 3. Let a(g) = -12*g**3 - 3*g**2 + 3*g + 4. Let y(v) = 2*a(v) + 3*n(v). Determine y(t).
-10
Let t(i) = -2*i + 5. Let d = -79 - 148. Let p = d + 222. Give t(p).
15
Let j(l) be the first derivative of -l**3/3 - l**2/2 + 26*l - 9101. Determine j(9).
-64
Let l(p) = 11*p + 10. Let n(y) = -24*y - 21. Let b = 722 - 720. Let x(m) = b*n(m) + 5*l(m). Calculate x(-5).
-27
Let q be ((-18)/(-15))/(8*7/(-280)). Let p(j) = -j**3 - 10*j**2 - 11*j - 5. What is p(q)?
-83
Suppose -19*i = -18*i - 2. Let l(y) = 20*y + y**i + 3 - 3 - 3*y - 10*y. What is l(-9)?
18
Let h = 6 - 2. Let c(i) = 433*i - 1669*i + 434*i + 4 + 428*i + 371*i. Give c(h).
-8
Suppose -4*t + t = -4*w + 46, -1 = 2*w - 15. Let n(a) = 5 - 3 - a**2 - 5*a - 4. Determine n(t).
-8
Let b(o) = -13*o - 5. Suppose -12 = 2*f - 5*l, 0 = -4*f + 4*l + l - 14. Let w be b(f). Let v(u) = -u + 13. Let i be v(w). Let t(h) = -4*h + 5. Give t(i).
-15
Let c = 247 - 244. Suppose -c*y + 74 = 80. Let n(f) = -9*f**2 + f + 2. What is n(y)?
-36
Let y be 24/(-10)*(-8600)/(-3440). Let d(v) be the second derivative of v**4/12 + 2*v**3/3 - v**2/2 + v. Give d(y).
11
Let c(s) be the first derivative of -s**4/4 - 7*s**3/3 - 8*s**2 - 14*s - 1378. What is c(-4)?
2
Let o(h) be the first derivative of -h**3/3 + 5*h**2 + h - 6414. Let j = -8 + 17. Give o(j).
10
Let n be (-24)/(((-3)/(-48))/(6/24)). Let p = -96 - n. Let k(b) = -b**2 + 56 - 4*b - 111 + 52 + p*b**2. Determine k(-4).
-3
Let s(p) = -p - 3. Let n be 6*52/(-104) + 1*14 + -1. What is s(n)?
-13
Let t(j) = j**3 + 20*j - 27*j - 39*j**2 + 40*j**2. What is t(-3)?
3
Let w(k) = -k**3 + 6*k**2 - 15*k + 44. Let o = 8362 - 8357. Determine w(o).
-6
Let a(b) = 2 + 0*b - 3*b + 2*b. Let r(m) = 5*m - 60. Let q = -225 + 238. Let w be r(q). What is a(w)?
-3
Let u(q) = 7*q**2 - 7*q + 4. Let m(a) = -17*a**2 + 15*a - 8. Let w(f) = -2*m(f) - 5*u(f). Suppose 5*j + 1 = h, 5*h + 5*j + 11 - 46 = 0. Determine w(h).
-10
Let o(q) = 160 + 2*q - 6*q + 3*q + 2*q + 11*q. What is o(-13)?
4
Suppose 3*p = p - u - 10, 0 = 2*u + 4. Let j(y) = -y**2 - 9*y + 5. Let w(v) = v - 1. Let b(h) = p*w(h) - j(h). What is b(-4)?
-5
Let z(m) = -4 - 6 + 1 + m. Suppose -7*b + 123 = -2*b + 3*g, 96 = 4*b + 3*g. Suppose -8*f + 29 + b = 0. Give z(f).
-2
Let t(u) be the second derivative of -3*u**3/2 - 31*u**2/2 + 147*u + 1. Give t(-5).
14
Let f(k) = 7*k**2 - 379*k + 51. Let g be f(54). Let n(j) = -5*j - 3. Give n(g).
12
Let d(i) = 31*i - 51. Let g be d(2). Let a(v) = -2*v**3 + 21*v**2 + 12*v - 8. Give a(g).
3
Let p(r) = 51*r**2 - 17*r - 35. Let b(y) = -29*y**2 + 8*y + 17. Let a(c) = 7*b(c) + 4*p(c). Determine a(15).
24
Let b(z) be the first derivative of 7*z**2 + 10*z - 57. Calculate b(-2).
-18
Suppose -4*d = 5*y - 989, y + 5*d = 5*y - 783. Suppose -192*o = -y*o + 15. Let g(a) be the second derivative of a**4/12 - a**3/2 + 2*a**2 - a. Calculate g(o).
4
Let z(j) = -417*j**2 + 208*j**2 - j**3 + 206*j**2 + 18 + 11*j + 8. Determine z(-4).
-2
Let h(y) = 13*y**2 + 19*y - 6. Let n(b) = 19*b**2 + 27*b - 9. Let p(j) = 7*h(j) - 5*n(j). Give p(1).
-3
Let u(h) = 13*h - 29. Let m(z) = 20*z - 27. Let q(a) = 2*m(a) - 3*u(a). Determine q(-7).
26
Let p be 3/(9/26)*798/1729. Let a(v) = -v**2 + 9*v - 15. Calculate a(p).
5
Let n(w) = -42*w. Suppose -97 = -f - 93. Suppose 0 = 2*b + 2*y + 2, -5*b - 6 = -3*b + f*y. Determine n(b).
-42
Let u(y) = 17*y**2 + 19*y - 6. Let j(i) = -29*i**2 - 32*i + 10. Let p(w) = -3*j(w) - 5*u(w). Calculate p(-1).
1
Let y = -3 + 4. Let v(q) = -q**2 + q**3 + q - y - 2*q**3 + 3. Let k = -2820 + 2820. Give v(k).
2
Let q be (20/(-5))/(36/(-261)). Let k(o) = 2*o**3 - 57*o**2 - 31*o + 56. Calculate k(q).
-2
Let m(g) = 11*g - 2. Let o(v) = -3*v - 1. Let k(n) = 2*m(n) + 4*o(n). What is k(4)?
32
Suppose 3*z = -4*g - 51, 128*g = z + 124*g + 1. Let m(p) = p**3 + 12*p**2 - 17*p - 6. Give m(z).
46
Let a(u) = 15*u**3 - 94*u**2 + 22*u + 138. Let w(q) = 12*q**3 - 91*q**2 + 22*q + 138. Let k(g) = 3*a(g) - 4*w(g). What is k(27)?
-3
Let k = -246 - -249. Let j(s) = -s. Let q(u) = -6*u + 2. Let i(l) = 4*j(l) - q(l). What is i(k)?
4
Let h = -183 - -186. Let g(l) = 0*l**3 + 12200 + l**h + 6*l - 12193 + 5*l**2. Determine g(-5).
-23
Suppose 51*v + 164 = 245 + 225. Let z(w) = w**2 - 11*w + 5. Calculate z(v).
-25
Let m(p) = -6*p + 66. Let w(q) = 1611*q - 1595. Let a be w(1). Calculate m(a).
-30
Let n(c) be the first derivative of -3*c**2/2 - c + 3. Let i be (22/3 - 8)*3. Calculate n(i).
5
Suppose 2*h - 6 + 0 = -4*a, -20 = 4*h. Let t(i) be the first derivative of -1/4*i**4 + 4/3*i**3 - 3*i + 46 + 3/2*i**2. Determine t(a).
9
Suppose -12 - 6 = -6*f. Let g(r) = 2*r**f - r**3 - 8*r - 26*r**2 + 18*r**2 - 8. Let w be g(9). Let l(s) = -s + 2. Calculate l(w).
1
Suppose 15 = -2*h + 7*h. Let x(c) = 17*c - 5*c + 21 + 2*c**3 + 15*c**2 + 4*c - c**h. Let m be x(-14). Let w(q) = q**3 + 7*q**2 - 2*q - 9. Determine w(m).
5
Let v = -1095 - -1091. Let j(i) = 2 + 3 + 85*i - 9 - 89*i + i**3 + 3*i**2. Give j(v).
-4
Let a(b) = -2212*b + 726*b + 744*b - 25 - b**2 + 729*b. Determine a(-11).
-3
Let w = 56 + -51. Let g(o) = -w*o + 97 - 5*o**2 - 47 + o**3 - 43. What is g(6)?
13
Let q(h) = 128*h + 8. Let m be q(2). Let d(g) = m - 264 + g**2 + 2*g**2. Let n be -2 + (1 - (0 + 0)). What is d(n)?
3
Let l(m) be the second derivative of -m**5/24 - 7*m**3/2 - m**2 + 268*m. Let d(n) be the second derivative of l(n). What is d(2)?
-10
Let x(r) = 14*r + 1. Let g be 6 - (6 + -6 + 2). Suppose 5*t + 6 = -2*l, 2*l = -0 + g. Calculate x(t).
-27
Let o = -6975 + 6971. Let j(g) = g**3 + 6*g**2 + 5*g - 15. Determine j(o).
-3
Let b(v) = v**3 + 11*v**2 + 13. Let h(m) be the second derivative of m**5/10 + 23*m**4/12 + 14*m**2 + 2*m + 2. Let z(p) = 9*b(p) - 4*h(p). What is z(-7)?
5
Let k = 44 + -49. Let v(d) be the third derivative of -d**4/24 - 2*d**2 + 174*d. Give v(k).
5
Let l(h) = -87*h. Let w be l(-1). Let g be 62 - 63 - (6 + 0)/(-2). Let b(i) = -g*i**2 - 83*i - 2 + w*i + 5*i**2 - i**3. What is b(4)?
-2
Suppose 3*a - 9 = -4*h, 5*a - 5 = -5*h + 5. Let t(l) = 1 - h*l**2 + 3 + 2*l - 4. Suppose -3*o + s - 59 = -67, 5*o = -5*s. Determine t(o).
-8
Let t(k) be the second derivative of -k**7/2520 - k**6/360 + k**5/30 - k**4/6 - 65*k**3/6 + 50*k + 1. Let d(j) be the third derivative of t(j). Calculate d(-4).
-4
Let n be 2/8*(-5 - 0 - -25). Suppose n*a - 24 = a. Let b(m) = 2*m**2 - 1 + 0 - 5*m + m - m**2. Determine b(a).
11
Let j(w) = 15*w - 70. Let c(b) = 2*b - 10. Let y(q) = 20*c(q) - 3*j(q). Calculate y(6).
-20
Let i(m) = 5*m + 9 + 2*m - 6*m + m**2. Let a(x) = -x**3 - 11*x**2 + 14*x + 24. Let b = -62 + 50. Let r be a(b). Determine i(r).
9
Let k = 205 - 120. Suppose a - 2*a + k = 0. Let z be 34/(-10) + (-51)/a. Let v(q) = 2*q - 5. What is v(z)?
-13
Let i(r) be the second derivative of r**5/20 - 7*r**4/12 - 5*r**2 - 10419*r. Suppose -9*g + 12*g = 21. What is i(g)?
-10
Let x(q) = -q**3 + 6*q**2 - 6*q - 3. Let p be (-273)/(-364) - (26/(-8) - -1). Suppose -d + 2*d + y = 0, -d = -p*y. Let o = 5 + d. Give x(o).
-8
Let g(v) = 1277*v - 640*v + v**2 + 0*v**2 - 1 - 624*v. Give g(0).
-1
Let b(n) = 2*n - 2. Let c(o) = -8*o**2 + 7*o - 23. Let l be c(5). Let y = 193 + l. Give b(y).
8
Suppose -4*x = -3*y + 2, -377 + 388 = 5*x + 3*y. Let i(g) = -65*g + 21. What is i(x)?
-44
Let q(j) = j**2 - 1. Let x(p) = 3*p**2 + 2*p + 5. Let a(h) = -5*q(h) + x(h). Give a(-4).
-30
Let z = 123 - 114. Let h(f) = -f**3 + 8*f**2 + 10*f - 12. Give h(z).
-3
Let q = 13940 + -13954. Let w(f) = -4*f - 39. What is w(q)?
17
Let z(o) be the first derivative of o**4/4 - 28*o**3/3 - 29*o**2/2 + o + 814. Determine z(29).
1
Let w(d) be the first derivative of -d**4/4 - 2*d**3 +